{"id":569,"date":"2018-09-16T17:36:45","date_gmt":"2018-09-16T20:36:45","guid":{"rendered":"http:\/\/www.estudosherculanopires.com.br\/site\/?page_id=569"},"modified":"2018-09-16T17:38:32","modified_gmt":"2018-09-16T20:38:32","slug":"charles-richet","status":"publish","type":"page","link":"https:\/\/estudosherculanopires.com.br\/site\/charles-richet\/","title":{"rendered":"Charles Richet"},"content":{"rendered":"<h1><img loading=\"lazy\" decoding=\"async\" class=\"wp-image-209 size-full aligncenter\" src=\"https:\/\/www.estudosherculanopires.com.br\/site\/wp-content\/uploads\/2018\/08\/logmaskHerculano-3.png\" alt=\"\" width=\"652\" height=\"317\" srcset=\"https:\/\/estudosherculanopires.com.br\/site\/wp-content\/uploads\/2018\/08\/logmaskHerculano-3.png 652w, https:\/\/estudosherculanopires.com.br\/site\/wp-content\/uploads\/2018\/08\/logmaskHerculano-3-300x146.png 300w\" sizes=\"(max-width: 652px) 100vw, 652px\" \/><\/h1>\n<p>&nbsp;<\/p>\n<p>&nbsp;<\/p>\n<p style=\"text-align: center;\"><img loading=\"lazy\" decoding=\"async\" class=\"alignnone wp-image-544 size-full\" src=\"https:\/\/www.estudosherculanopires.com.br\/site\/wp-content\/uploads\/2018\/09\/Richet.jpg\" alt=\"\" width=\"194\" height=\"259\" \/><\/p>\n<p style=\"text-align: center;\"><strong>CHARLES RICHET<\/strong><\/p>\n<p>&nbsp;<\/p>\n<p><span style=\"font-family: arial, helvetica, sans-serif;\">Conhecido como o fundador da Metaps\u00edquica, Charles Richet desempenhou um papel fundamental no processo de desvendar o desconhecido mundo dos fen\u00f4menos an\u00edmicos. Em 1905, ent\u00e3o presidente da Sociedade de Investiga\u00e7\u00f5es Ps\u00edquicas &#8211; Londres, prop\u00f4s o nome de Metaps\u00edquica a este conjunto de conhecimentos.<\/span><\/p>\n<p><span style=\"font-family: arial, helvetica, sans-serif;\">Obras de Charles Richet<\/span><\/p>\n<p><span style=\"font-family: arial, helvetica, sans-serif;\">Sua obra mais famosa, Tratado de Metaps\u00edquica, \u00e9 um verdadeiro arcabou\u00e7o de fatos e descri\u00e7\u00f5es pormenorizadas de experi\u00eancias ps\u00edquicas, descri\u00e7\u00f5es hist\u00f3ricas e classificat\u00f3rias que muito colaboraram para o seu desenvolvimento. A sua maior contribui\u00e7\u00e3o, sem sombra de d\u00favida, foi o estudo do ectoplasma, subst\u00e2ncia respons\u00e1vel pela viabilidade dos fen\u00f4menos ditos objetivos.<\/span><\/p>\n<p><span style=\"font-family: arial, helvetica, sans-serif;\">Foi ele quem, pela primeira vez, denominou a subst\u00e2ncia que emanava dos m\u00e9diuns de efeitos f\u00edsicos de ectoplasma, naquele momento referindo-se aos fluidos que emanavam de Eus\u00e1pia Paladino (uma das maiores m\u00e9diuns da hist\u00f3ria do Espiritismo): \u201cs\u00e3o as forma\u00e7\u00f5es difusas que eu chamo de ectoplasmas; porque elas parecem sair do pr\u00f3prio corpo de Eus\u00e1pia\u201d.<\/span><\/p>\n<p><span style=\"font-family: arial, helvetica, sans-serif;\">Numa experi\u00eancia transcorrida com a m\u00e9dium Marthe B\u00e9raud, Charles Richet e Gabriel Delanne fizeram com que a \u201cmaterializa\u00e7\u00e3o\u201d soprasse o ar de seus pulm\u00f5es atrav\u00e9s de uma solu\u00e7\u00e3o aquosa de barita, usando um pequeno tubo. O resultado foi o turvamento do l\u00edquido, revelando a presen\u00e7a do g\u00e1s carb\u00f4nico, fen\u00f4meno peculiar dos organismos vivos normais.<\/span><\/p>\n<p><span style=\"font-family: arial, helvetica, sans-serif;\">A Metaps\u00edquica de Richet era composta pela composi\u00e7\u00e3o dos seguintes fen\u00f4menos: a criptestesia, a telecinesia e a ectoplasmia. Para ele, a Metaps\u00edquica estava na flor d\u2019\u00e1gua de uma nova psicologia. No seu Tratado, Richet classificou a hist\u00f3ria da fenomenologia metaps\u00edquica em quatro per\u00edodos:<\/span><\/p>\n<p><span style=\"font-family: arial, helvetica, sans-serif;\">1\u00b0) Per\u00edodo M\u00edtico, que vai das origens hist\u00f3ricas at\u00e9 Mesmer, (1776); 2\u00b0) Per\u00edodo Magn\u00e9tico, que vai de Mesmer \u00e0s irm\u00e3s Fox, (1847); 3\u00b0) Per\u00edodo Espir\u00edtico, que vai das irm\u00e3s Fox, passando por Allan Kardec, a William Crookes (1872); 4\u00b0) Per\u00edodo Cient\u00edfico, que vai de Crookes at\u00e9 agora.<\/span><\/p>\n<p><span style=\"font-family: arial, helvetica, sans-serif;\">Charles Richet classificou os fen\u00f4menos metaps\u00edquicos em dois grupos gerais: Fen\u00f4menos Subjetivos, que ocorrem exclusivamente na \u00e1rea ps\u00edquica, sem nenhuma a\u00e7\u00e3o din\u00e2mica sobre os objetos materiais (anos antes, a estes fen\u00f4menos Allan Kardec denominou Inteligentes); e Fen\u00f4menos Objetivos, cuja manifesta\u00e7\u00e3o envolve a\u00e7\u00e3o f\u00edsica sobre os objetos materiais (na linguagem esp\u00edrita, Fen\u00f4menos F\u00edsicos).<\/span><\/p>\n<p><span style=\"font-family: arial, helvetica, sans-serif;\">Esta classifica\u00e7\u00e3o \u00e9 utilizada at\u00e9 os dias de hoje.<\/span><\/p>\n<p><span style=\"font-family: arial, helvetica, sans-serif;\">Publicou tamb\u00e9m as obras: A grande esperan\u00e7a, No limiar do mist\u00e9rio.<\/span><\/p>\n<p><span style=\"font-family: arial, helvetica, sans-serif;\">Charles Richet e o Espiritismo<\/span><\/p>\n<p><span style=\"font-family: arial, helvetica, sans-serif;\">Charles Richet nunca se declarou esp\u00edrita, mas sim, um estudioso dos fen\u00f4menos metaps\u00edquicos. N\u00e3o podemos, portanto, classificar Charles Richet como um continuador da obra de Allan Kardec, j\u00e1 que na verdade Richet reserva um espa\u00e7o de duas p\u00e1ginas em um Tratado de mais 700 \u00e0quele que poderia ter sido um de seus mestres.<\/span><\/p>\n<p><span style=\"font-family: arial, helvetica, sans-serif;\">Desvendou um caminho distinto, sem evidentemente desconhec\u00ea-lo tanto, e que o classifica na categoria de iniciador rom\u00e2ntico da Metaps\u00edquica, reconhecendo em Kardec, a quem se refere como Dr. H. Rivail, algum apre\u00e7o pela investiga\u00e7\u00e3o cient\u00edfica, mas que, no entanto, se levou demais a acreditar que as comunica\u00e7\u00f5es dos Esp\u00edritos atrav\u00e9s dos m\u00e9diuns eram destitu\u00eddas de erros, desde que as mesmas emanassem de bons Esp\u00edritos.<\/span><\/p>\n<p><span style=\"font-family: arial, helvetica, sans-serif;\">Esta cr\u00edtica, a nosso ver, n\u00e3o \u00e9 muito justa por\u00e9m se assemelha \u00e0 feita por Arthur Conan Doyle em seu A Hist\u00f3ria do Espiritualismo, fazendo-nos, pelo menos, pensar que conhecemos hoje bem melhor a obra de Kardec do que os quase contempor\u00e2neos vizinhos e conterr\u00e2neos.<\/span><\/p>\n<p><span style=\"font-family: arial, helvetica, sans-serif;\">Foi companheiro de jornada de homens do vulto de um Gustavo Geley, Gabriel Delanne e Ernesto Bozzano. Este \u00faltimo seu grande amigo e com quem duelaria no campo da ci\u00eancia. Bozzano no seu livro \u201cMetaps\u00edquica Humana\u201d, dedica no \u00faltimo cap\u00edtulo, denominado: Respostas a algumas obje\u00e7\u00f5es de ordem geral; algumas palavras diretamente contr\u00e1rias \u00e0s posi\u00e7\u00f5es de Charles Richet, s\u00e3o elas: \u201c&#8230; n\u00e3o devo ocultar que entre os que assim pensam est\u00e1 o Professor Charles Richet, a quem sinceramente venero e admiro.<\/span><\/p>\n<p><span style=\"font-family: arial, helvetica, sans-serif;\">No Journal of the American for S.P.R. de setembro de 1923, pag. 400, a respeito ele escreve: Sou de opini\u00e3o que, se a Metaps\u00edquica n\u00e3o tem progredido mais, se deve isto a um defeito de m\u00e9todo; quiseram dela fazer uma religi\u00e3o cheia de ardor, em vez de uma ci\u00eancia serena e modesta&#8230; Penso ser de n\u00e3o pequena utilidade destruir essa deplor\u00e1vel preven\u00e7\u00e3o, filha de uma observa\u00e7\u00e3o estranhamente parcial e superficial do movimento esp\u00edrita encarado em seu conjunto.<\/span><\/p>\n<p><span style=\"font-family: arial, helvetica, sans-serif;\">Se for verdade que o Espiritismo seja tomado num sentido religioso por uma multid\u00e3o, ali\u00e1s muito respeit\u00e1vel, de almas simples, n\u00e3o quer dizer isso que ele seja religioso, mas t\u00e3o somente que as conclus\u00f5es rigorosamente experimentais e, portanto, cient\u00edficas, a que conduzem as investiga\u00e7\u00f5es median\u00edmicas, tem a virtude de reconfortar grande n\u00famero de almas atormentadas pela d\u00favida&#8230;\u201c(Ernesto Bozzano, Metaps\u00edquica Humana) e se refere a tantos s\u00e1bios, homens de ci\u00eancia que se dedicaram a estudar os fen\u00f4menos inicialmente de forma materialista, convertendo-se ao Espiritismo pela conclus\u00e3o a que chegaram atrav\u00e9s da pesquisa.<\/span><\/p>\n<p><span style=\"font-family: arial, helvetica, sans-serif;\">Na introdu\u00e7\u00e3o do seu Tratado de Metaps\u00edquica Richet, em sua segunda edi\u00e7\u00e3o, chega mesmo a citar os esp\u00edritas que j\u00e1 naquela \u00e9poca pouca import\u00e2ncia deram a esta obra uma vez que acreditavam que tudo o que importava j\u00e1 havia sido escrito. Richet escreveu &#8211; se os esp\u00edritas fossem justos, reconheceriam que a minha tentativa de fazer entrar na ordem dos fatos cient\u00edficos todos os fen\u00f4menos que constituem a base de sua f\u00e9, mereceria eu verdadeiramente alguma indulg\u00eancia.<\/span><\/p>\n<p><span style=\"font-family: arial, helvetica, sans-serif;\">V\u00ea-se que na \u00e9poca o movimento esp\u00edrita franc\u00eas j\u00e1 estava totalmente dominado pelos ritos, afastando-se dos ensinamentos de Allan Kardec, salvava-se neste tempo Gabriel Delanne, que muito doente insistia com a sua Sociedade Francesa de Estudos de Fen\u00f4menos Ps\u00edquicos e na revista Le Spiritisme. A rigidez de Richet, com rela\u00e7\u00e3o \u00e0 metodologia cient\u00edfica se explica pelo trabalho profissional do mesmo que, como cientista, veio a ser merecedor de um Pr\u00eamio Nobel.<\/span><\/p>\n<p><span style=\"font-family: arial, helvetica, sans-serif;\">A Vis\u00e3o do Futuro<\/span><\/p>\n<p><span style=\"font-family: arial, helvetica, sans-serif;\">Allan Kardec, em A G\u00eanese escreve: Caminhando de par com o progresso, o Espiritismo jamais ser\u00e1 ultrapassado, porque, se novas descobertas lhe demonstrassem estar em erro acerca de um ponto qualquer, ele se modificaria nesse ponto. Se uma verdade nova se revelar, ele a aceitar\u00e1. Com estas palavras Kardec colocava todo o seu g\u00eanio que infelizmente s\u00f3 foi seguido por alguns como Camille Flammarion, L\u00e9on Denis, Delanne dentre outros.<\/span><\/p>\n<p><span style=\"font-family: arial, helvetica, sans-serif;\">Desta mesma forma, Richet declara que o primeiro Tratado de Metaps\u00edquica ir\u00e1 ter a sina comum. Ele ir\u00e1 logo ficar para tr\u00e1s e cair em desuso, porque os progressos desta nova ci\u00eancia ser\u00e3o r\u00e1pidos.<\/span><\/p>\n<p><span style=\"font-family: arial, helvetica, sans-serif;\">Assim como Kardec, os metapsiquistas tamb\u00e9m acreditavam num r\u00e1pido progresso das ci\u00eancias ps\u00edquicas, elas de fato tiveram algum alento com o advento da Parapsicologia de Rhine.<\/span><\/p>\n<p><span style=\"font-family: arial, helvetica, sans-serif;\">No come\u00e7o da d\u00e9cada passada, muitos de n\u00f3s, estudiosos, guard\u00e1vamos muita esperan\u00e7a de que na Uni\u00e3o Sovi\u00e9tica existissem centros de pesquisa, a cortina de ferro caiu e o que havia em termos de psicobiof\u00edsica?<\/span><\/p>\n<p><span style=\"font-family: arial, helvetica, sans-serif;\">A verdade \u00e9 que pesquisadores do quilate dos grandes metapsiquistas, incluindo no grupo os espiritualistas ingleses, j\u00e1 n\u00e3o aparecem com tanta freq\u00fc\u00eancia. Transferimos nossas expectativas para o s\u00e9culo que se avizinha, este sim poder\u00e1 trazer ao p\u00fablico em geral aquilo que Kardec, Richet e tantos outros se empenharam tanto em estudar, classificar e ensinar, mas que n\u00e3o atingiram a universalidade do conhecimento.<\/span><\/p>\n","protected":false},"excerpt":{"rendered":"<p>&nbsp; &nbsp; CHARLES RICHET &nbsp; Conhecido como o fundador da Metaps\u00edquica, Charles Richet desempenhou um papel fundamental no processo de desvendar o desconhecido mundo dos fen\u00f4menos an\u00edmicos. Em 1905, ent\u00e3o [&hellip;]<\/p>\n","protected":false},"author":1,"featured_media":0,"parent":0,"menu_order":2,"comment_status":"closed","ping_status":"closed","template":"template_parts\/page-fullwidth_template.php","meta":{"_bbp_topic_count":0,"_bbp_reply_count":0,"_bbp_total_topic_count":0,"_bbp_total_reply_count":0,"_bbp_voice_count":0,"_bbp_anonymous_reply_count":0,"_bbp_topic_count_hidden":0,"_bbp_reply_count_hidden":0,"_bbp_forum_subforum_count":0,"footnotes":""},"blocksy_meta":{"styles_descriptor":{"styles":{"desktop":"","tablet":"","mobile":""},"google_fonts":[],"version":6}},"yoast_head":"<!-- This site is optimized with the Yoast SEO plugin v23.5 - https:\/\/yoast.com\/wordpress\/plugins\/seo\/ -->\n<title>Charles Richet &#8211; Grupo de Estudos Esp\u00edritas Herculano Pires<\/title>\n<meta name=\"robots\" content=\"index, follow, max-snippet:-1, max-image-preview:large, max-video-preview:-1\" \/>\n<link rel=\"canonical\" href=\"https:\/\/estudosherculanopires.com.br\/site\/charles-richet\/\" \/>\n<meta property=\"og:locale\" content=\"pt_BR\" \/>\n<meta property=\"og:type\" content=\"article\" \/>\n<meta property=\"og:title\" content=\"Charles Richet &#8211; Grupo de Estudos Esp\u00edritas Herculano Pires\" \/>\n<meta property=\"og:description\" content=\"&nbsp; &nbsp; CHARLES RICHET &nbsp; Conhecido como o fundador da Metaps\u00edquica, Charles Richet desempenhou um papel fundamental no processo de desvendar o desconhecido mundo dos fen\u00f4menos an\u00edmicos. Em 1905, ent\u00e3o [&hellip;]\" \/>\n<meta property=\"og:url\" content=\"https:\/\/estudosherculanopires.com.br\/site\/charles-richet\/\" \/>\n<meta property=\"og:site_name\" content=\"Grupo de Estudos Esp\u00edritas Herculano Pires\" \/>\n<meta property=\"article:modified_time\" content=\"2018-09-16T20:38:32+00:00\" \/>\n<meta property=\"og:image\" content=\"https:\/\/www.estudosherculanopires.com.br\/site\/wp-content\/uploads\/2018\/08\/logmaskHerculano-3.png\" \/>\n<meta name=\"twitter:card\" content=\"summary_large_image\" \/>\n<meta name=\"twitter:label1\" content=\"Est. tempo de leitura\" \/>\n\t<meta name=\"twitter:data1\" content=\"7 minutos\" \/>\n<script type=\"application\/ld+json\" class=\"yoast-schema-graph\">{\"@context\":\"https:\/\/schema.org\",\"@graph\":[{\"@type\":\"WebPage\",\"@id\":\"https:\/\/estudosherculanopires.com.br\/site\/charles-richet\/\",\"url\":\"https:\/\/estudosherculanopires.com.br\/site\/charles-richet\/\",\"name\":\"Charles Richet &#8211; Grupo de Estudos Esp\u00edritas Herculano Pires\",\"isPartOf\":{\"@id\":\"https:\/\/estudosherculanopires.com.br\/site\/#website\"},\"primaryImageOfPage\":{\"@id\":\"https:\/\/estudosherculanopires.com.br\/site\/charles-richet\/#primaryimage\"},\"image\":{\"@id\":\"https:\/\/estudosherculanopires.com.br\/site\/charles-richet\/#primaryimage\"},\"thumbnailUrl\":\"https:\/\/www.estudosherculanopires.com.br\/site\/wp-content\/uploads\/2018\/08\/logmaskHerculano-3.png\",\"datePublished\":\"2018-09-16T20:36:45+00:00\",\"dateModified\":\"2018-09-16T20:38:32+00:00\",\"breadcrumb\":{\"@id\":\"https:\/\/estudosherculanopires.com.br\/site\/charles-richet\/#breadcrumb\"},\"inLanguage\":\"pt-BR\",\"potentialAction\":[{\"@type\":\"ReadAction\",\"target\":[\"https:\/\/estudosherculanopires.com.br\/site\/charles-richet\/\"]}]},{\"@type\":\"ImageObject\",\"inLanguage\":\"pt-BR\",\"@id\":\"https:\/\/estudosherculanopires.com.br\/site\/charles-richet\/#primaryimage\",\"url\":\"https:\/\/www.estudosherculanopires.com.br\/site\/wp-content\/uploads\/2018\/08\/logmaskHerculano-3.png\",\"contentUrl\":\"https:\/\/www.estudosherculanopires.com.br\/site\/wp-content\/uploads\/2018\/08\/logmaskHerculano-3.png\"},{\"@type\":\"BreadcrumbList\",\"@id\":\"https:\/\/estudosherculanopires.com.br\/site\/charles-richet\/#breadcrumb\",\"itemListElement\":[{\"@type\":\"ListItem\",\"position\":1,\"name\":\"In\u00edcio\",\"item\":\"https:\/\/estudosherculanopires.com.br\/site\/\"},{\"@type\":\"ListItem\",\"position\":2,\"name\":\"Charles Richet\"}]},{\"@type\":\"WebSite\",\"@id\":\"https:\/\/estudosherculanopires.com.br\/site\/#website\",\"url\":\"https:\/\/estudosherculanopires.com.br\/site\/\",\"name\":\"Grupo de Estudos Esp\u00edritas Herculano Pires\",\"description\":\"Espiritismo Allan Kardec\",\"publisher\":{\"@id\":\"https:\/\/estudosherculanopires.com.br\/site\/#\/schema\/person\/d29ff17724bd8c430e40f70d404da02f\"},\"potentialAction\":[{\"@type\":\"SearchAction\",\"target\":{\"@type\":\"EntryPoint\",\"urlTemplate\":\"https:\/\/estudosherculanopires.com.br\/site\/?s={search_term_string}\"},\"query-input\":{\"@type\":\"PropertyValueSpecification\",\"valueRequired\":true,\"valueName\":\"search_term_string\"}}],\"inLanguage\":\"pt-BR\"},{\"@type\":[\"Person\",\"Organization\"],\"@id\":\"https:\/\/estudosherculanopires.com.br\/site\/#\/schema\/person\/d29ff17724bd8c430e40f70d404da02f\",\"name\":\"GEEHP\",\"image\":{\"@type\":\"ImageObject\",\"inLanguage\":\"pt-BR\",\"@id\":\"https:\/\/estudosherculanopires.com.br\/site\/#\/schema\/person\/image\/\",\"url\":\"https:\/\/secure.gravatar.com\/avatar\/c63782dab0b0744f8a9d19922fd1bae4?s=96&d=identicon&r=g\",\"contentUrl\":\"https:\/\/secure.gravatar.com\/avatar\/c63782dab0b0744f8a9d19922fd1bae4?s=96&d=identicon&r=g\",\"caption\":\"GEEHP\"},\"logo\":{\"@id\":\"https:\/\/estudosherculanopires.com.br\/site\/#\/schema\/person\/image\/\"}}]}<\/script>\n<!-- \/ Yoast SEO plugin. -->","yoast_head_json":{"title":"Charles Richet &#8211; Grupo de Estudos Esp\u00edritas Herculano Pires","robots":{"index":"index","follow":"follow","max-snippet":"max-snippet:-1","max-image-preview":"max-image-preview:large","max-video-preview":"max-video-preview:-1"},"canonical":"https:\/\/estudosherculanopires.com.br\/site\/charles-richet\/","og_locale":"pt_BR","og_type":"article","og_title":"Charles Richet &#8211; Grupo de Estudos Esp\u00edritas Herculano Pires","og_description":"&nbsp; &nbsp; CHARLES RICHET &nbsp; Conhecido como o fundador da Metaps\u00edquica, Charles Richet desempenhou um papel fundamental no processo de desvendar o desconhecido mundo dos fen\u00f4menos an\u00edmicos. Em 1905, ent\u00e3o [&hellip;]","og_url":"https:\/\/estudosherculanopires.com.br\/site\/charles-richet\/","og_site_name":"Grupo de Estudos Esp\u00edritas Herculano Pires","article_modified_time":"2018-09-16T20:38:32+00:00","og_image":[{"url":"https:\/\/www.estudosherculanopires.com.br\/site\/wp-content\/uploads\/2018\/08\/logmaskHerculano-3.png"}],"twitter_card":"summary_large_image","twitter_misc":{"Est. tempo de leitura":"7 minutos"},"schema":{"@context":"https:\/\/schema.org","@graph":[{"@type":"WebPage","@id":"https:\/\/estudosherculanopires.com.br\/site\/charles-richet\/","url":"https:\/\/estudosherculanopires.com.br\/site\/charles-richet\/","name":"Charles Richet &#8211; Grupo de Estudos Esp\u00edritas Herculano Pires","isPartOf":{"@id":"https:\/\/estudosherculanopires.com.br\/site\/#website"},"primaryImageOfPage":{"@id":"https:\/\/estudosherculanopires.com.br\/site\/charles-richet\/#primaryimage"},"image":{"@id":"https:\/\/estudosherculanopires.com.br\/site\/charles-richet\/#primaryimage"},"thumbnailUrl":"https:\/\/www.estudosherculanopires.com.br\/site\/wp-content\/uploads\/2018\/08\/logmaskHerculano-3.png","datePublished":"2018-09-16T20:36:45+00:00","dateModified":"2018-09-16T20:38:32+00:00","breadcrumb":{"@id":"https:\/\/estudosherculanopires.com.br\/site\/charles-richet\/#breadcrumb"},"inLanguage":"pt-BR","potentialAction":[{"@type":"ReadAction","target":["https:\/\/estudosherculanopires.com.br\/site\/charles-richet\/"]}]},{"@type":"ImageObject","inLanguage":"pt-BR","@id":"https:\/\/estudosherculanopires.com.br\/site\/charles-richet\/#primaryimage","url":"https:\/\/www.estudosherculanopires.com.br\/site\/wp-content\/uploads\/2018\/08\/logmaskHerculano-3.png","contentUrl":"https:\/\/www.estudosherculanopires.com.br\/site\/wp-content\/uploads\/2018\/08\/logmaskHerculano-3.png"},{"@type":"BreadcrumbList","@id":"https:\/\/estudosherculanopires.com.br\/site\/charles-richet\/#breadcrumb","itemListElement":[{"@type":"ListItem","position":1,"name":"In\u00edcio","item":"https:\/\/estudosherculanopires.com.br\/site\/"},{"@type":"ListItem","position":2,"name":"Charles Richet"}]},{"@type":"WebSite","@id":"https:\/\/estudosherculanopires.com.br\/site\/#website","url":"https:\/\/estudosherculanopires.com.br\/site\/","name":"Grupo de Estudos Esp\u00edritas Herculano Pires","description":"Espiritismo Allan Kardec","publisher":{"@id":"https:\/\/estudosherculanopires.com.br\/site\/#\/schema\/person\/d29ff17724bd8c430e40f70d404da02f"},"potentialAction":[{"@type":"SearchAction","target":{"@type":"EntryPoint","urlTemplate":"https:\/\/estudosherculanopires.com.br\/site\/?s={search_term_string}"},"query-input":{"@type":"PropertyValueSpecification","valueRequired":true,"valueName":"search_term_string"}}],"inLanguage":"pt-BR"},{"@type":["Person","Organization"],"@id":"https:\/\/estudosherculanopires.com.br\/site\/#\/schema\/person\/d29ff17724bd8c430e40f70d404da02f","name":"GEEHP","image":{"@type":"ImageObject","inLanguage":"pt-BR","@id":"https:\/\/estudosherculanopires.com.br\/site\/#\/schema\/person\/image\/","url":"https:\/\/secure.gravatar.com\/avatar\/c63782dab0b0744f8a9d19922fd1bae4?s=96&d=identicon&r=g","contentUrl":"https:\/\/secure.gravatar.com\/avatar\/c63782dab0b0744f8a9d19922fd1bae4?s=96&d=identicon&r=g","caption":"GEEHP"},"logo":{"@id":"https:\/\/estudosherculanopires.com.br\/site\/#\/schema\/person\/image\/"}}]}},"_links":{"self":[{"href":"https:\/\/estudosherculanopires.com.br\/site\/wp-json\/wp\/v2\/pages\/569"}],"collection":[{"href":"https:\/\/estudosherculanopires.com.br\/site\/wp-json\/wp\/v2\/pages"}],"about":[{"href":"https:\/\/estudosherculanopires.com.br\/site\/wp-json\/wp\/v2\/types\/page"}],"author":[{"embeddable":true,"href":"https:\/\/estudosherculanopires.com.br\/site\/wp-json\/wp\/v2\/users\/1"}],"replies":[{"embeddable":true,"href":"https:\/\/estudosherculanopires.com.br\/site\/wp-json\/wp\/v2\/comments?post=569"}],"version-history":[{"count":2,"href":"https:\/\/estudosherculanopires.com.br\/site\/wp-json\/wp\/v2\/pages\/569\/revisions"}],"predecessor-version":[{"id":571,"href":"https:\/\/estudosherculanopires.com.br\/site\/wp-json\/wp\/v2\/pages\/569\/revisions\/571"}],"wp:attachment":[{"href":"https:\/\/estudosherculanopires.com.br\/site\/wp-json\/wp\/v2\/media?parent=569"}],"curies":[{"name":"wp","href":"https:\/\/api.w.org\/{rel}","templated":true}]}}